a and 1.
1
Suppose 5*f = 3*c + 147, -4*f - f + 146 = -4*c. What is the highest common factor of 20 and f?
10
Let q = 8 + 17. Suppose -d + 5 = -w, 0 = 3*d + d + 5*w + q. Let z be d/(3/3) - -1. What is the greatest common factor of 3 and z?
1
Let f be 1 - 0 - 1*-1. Suppose -v + 5*b = 4*v - 35, 3*b + 17 = f*v. Suppose 0 + 16 = v*r. Calculate the highest common divisor of r and 20.
4
Suppose -6*h + 6 = -3*h. Suppose o - 7 + h = 0. Suppose -q + 5*u + 21 = -34, -o*u = 3*q - 185. Calculate the highest common divisor of q and 12.
12
Let c = 2 - 9. Let j = -3 - c. Calculate the highest common divisor of j and 12.
4
Let d = -13 - -37. Let q = -16 + d. Let l = q + -3. Calculate the highest common factor of 45 and l.
5
Let p(y) = 2*y**2 - 2*y. Let g be 3 + 4 + (-2)/(-2). Let j be p(g). Calculate the greatest common factor of 14 and j.
14
Let k be ((-4)/12)/((-4)/336). What is the highest common divisor of k and 14?
14
Let z(w) be the second derivative of w**4/6 + 5*w**3/6 - 5*w**2/2 - 13*w. Suppose -j + 0*j = 5. Let d be z(j). What is the highest common factor of 5 and d?
5
Suppose 0 = -4*a - 5*m + 13, 4*a = 5*m + 2 + 1. Suppose -3*u + a*u = -136. Let x = 97 + -80. Calculate the highest common divisor of x and u.
17
Let u = 3 - 1. Suppose 6 + 4 = -u*t, -3*s = -5*t - 25. Suppose -2*y - 6 = s, 5*y - 164 = -2*q + 1. Calculate the greatest common divisor of q and 10.
10
Let h = 3 - -12. Let w be (0 - 1)*(-6 + 2 + 1). Calculate the greatest common divisor of w and h.
3
Suppose 51 = 3*g - 3*v - 48, 0 = -5*g - 3*v + 141. Let b = -11 - 7. Let u = b + 38. What is the highest common divisor of g and u?
10
Suppose i - 5 = -4*z, 3*i - 18 = -3*z + 24. Let v = i + 3. Calculate the highest common divisor of 40 and v.
20
Suppose -3*l - 51 = -r, -2*l - 81 = 3*l - 3*r. Let u be (-1580)/l - 2/(-9). Calculate the highest common factor of 8 and u.
8
Suppose -p - 27 = -4*p. Suppose -22 - p = -s - a, s + 4*a - 34 = 0. Calculate the highest common factor of s and 15.
15
Let c = 175 - 25. Calculate the greatest common factor of 60 and c.
30
Suppose -6*d + 7*d = 144. What is the highest common divisor of d and 16?
16
Let h = 16 - 3. What is the highest common factor of 39 and h?
13
Let v be (25/20)/((-1)/(-4)). Let y be -2*(50/(-4))/v. Suppose y*d - 152 = w - 0*w, -160 = -5*d + 5*w. What is the greatest common divisor of d and 6?
6
Let i(m) = -m**2 + 3*m + 5. Let t = -1 - -5. Let x be i(t). Let r = -21 - -30. Calculate the greatest common divisor of x and r.
1
Let v(n) = n**2 + n - 12. Let x be v(0). Let w be (x/5)/((-24)/80). Calculate the highest common divisor of 32 and w.
8
Let u = 3 - 2. Suppose 0 = s - 3 + u. Suppose -3*l + 142 = 5*t - 2*l, -3*t + s*l + 80 = 0. What is the greatest common divisor of 4 and t?
4
Let c(o) = o**2 + o + 4. Let l be c(4). Let r(j) = -j**3 + 3 - 2*j**3 + 2*j**3 + j. Let u be r(0). Calculate the highest common factor of l and u.
3
Let f be (4 - 44/10) + (-302)/(-5). Calculate the highest common factor of 24 and f.
12
Suppose 12 = 5*o - 3. Calculate the greatest common factor of o and 27.
3
Let o be (11 - 3) + (-1 - -1). Let h(y) = -y**3 + 3*y**2 - 2*y + 1. Let u be h(2). Calculate the greatest common divisor of o and u.
1
Let w be (-9)/15 - (-88)/(-20). Let n be 2/(-5) - 132/w. Let p(i) = 4*i - 7. Let f be p(5). What is the highest common factor of n and f?
13
Let h be 1/2 + (-21)/(-2). Calculate the highest common factor of h and 22.
11
Let l(v) = v**3 + 7*v**2 - v. Let c be l(-7). Suppose 0 = -g + c - 3. Calculate the greatest common factor of 28 and g.
4
Let v(l) = -41*l**3 + l**2 + l + 1. Suppose -2*t + 4 = -4*s + 3*t, 3*t = 0. Let r be v(s). Suppose o - r = -o. Calculate the highest common divisor of o and 3.
3
Let p(l) = -13*l**3 + 4*l**2 - 7*l + 4. Let n be p(6). Let v = 1781 + n. Let q be (-1)/(-4) + v/(-12). Calculate the greatest common divisor of 7 and q.
7
Let h be ((-24)/14)/(12/(-42)). Calculate the highest common factor of 3 and h.
3
Suppose -6 - 24 = -w. Calculate the highest common divisor of w and 45.
15
Let m = -8 - -13. Suppose 3*q - m*q = -324. What is the greatest common divisor of q and 18?
18
Let q = 2 + 1. Let r = -10 + 13. Calculate the greatest common divisor of r and q.
3
Suppose -n + 0*n = -8. Suppose n = u + 4. Suppose u*h - 72 = h. Calculate the highest common divisor of 16 and h.
8
Let s = -9 - -13. Let f = s - -86. What is the highest common factor of 10 and f?
10
Let v(l) = -l**3 + 10*l**2 + 2*l + 1. Let y be v(10). Let f be (2 - 2) + (-42)/(-2). Calculate the greatest common divisor of y and f.
21
Suppose 9*x - 77 = 2*x. Calculate the highest common factor of x and 11.
11
Let y(f) = f + 3. Let k(r) = r**2 + 1. Let h be k(2). Suppose -2*u + h*u - 18 = 0. Let g be y(u). Calculate the greatest common factor of g and 63.
9
Let y(q) = 60*q + 4. Let k be y(3). Let i = 88 - 65. What is the highest common factor of k and i?
23
Let w = 42 - 30. Suppose 4 - 1 = p. Suppose 0*n - a + 18 = 2*n, -p*a + w = 0. What is the highest common divisor of 1 and n?
1
Suppose z + 40 = 2*z. Calculate the highest common divisor of 100 and z.
20
Suppose -w + 3*m = 3*w + 233, -3*m - 15 = 0. Let b = -36 - w. What is the highest common factor of b and 39?
13
Suppose 2*i = 7*i - 15, w - 4*i = 0. Calculate the highest common factor of 4 and w.
4
Let a be -1 + 2 + 1350/2. Let b = a + -368. Calculate the highest common divisor of 28 and b.
28
Let n(d) = d**2 + d + 40. Let s = -4 + 4. Let x be n(s). Suppose -a + 5*a = x. What is the greatest common divisor of 4 and a?
2
Let l(j) = j**2 + j - 2. Let i be l(-2). Suppose 3*c = -6, i*v - 4*v - 4*c - 256 = 0. Let p = -17 - v. What is the highest common factor of p and 30?
15
Let c(q) = -6*q - 9. Let u be c(-8). Let w = -28 + u. Let m be (-2 - 66)/(-2) + -1. Calculate the highest common factor of w and m.
11
Let l be 8 + 2/(-2) + 0. Suppose -l*o + 3*o = -720. Calculate the highest common factor of o and 20.
20
Let p = 3 + -3. Suppose -3*r - 6 = -p. Let v be r/(-5) - (-324)/15. What is the greatest common factor of 33 and v?
11
Let y(m) = -m**3 - m**2 + 1. Let a(q) = -7*q**3 - 17*q**2 - 12*q - 3. Let x(w) = a(w) - 6*y(w). Let h be x(-10). What is the highest common divisor of 22 and h?
11
Let f be 3 + 2/(-6)*-3. Suppose -d = -f - 0. Suppose 5*b - 3*a = b + 21, b = -a + 7. What is the greatest common divisor of b and d?
2
Let h(y) = -y**2 - 9*y - 6. Let x be h(-8). Suppose -5*d + x*d = -48. What is the highest common factor of 16 and d?
16
Suppose -4942 + 582 = -5*a. Suppose -n + 720 = 4*d, -a + 156 = -4*d - 2*n. Let p be d + -3 - (1 - -1). What is the greatest common factor of p and 16?
16
Suppose 0 = -13*a + 27 + 12. What is the greatest common factor of a and 15?
3
Suppose -5*w + 3*w + 22 = 0. What is the greatest common divisor of w and 11?
11
Let m = -56 + 74. Calculate the highest common factor of 18 and m.
18
Let y be (-2)/(-3)*(17 + -5). Let s = 4 + 6. Let w = -2 + s. What is the greatest common divisor of y and w?
8
Let y(b) = 6*b - 7. Let n be y(3). Calculate the greatest common factor of 11 and n.
11
Let p(d) = 5*d - 6. Let y be p(11). Calculate the highest common divisor of y and 343.
49
Suppose i = 9 + 6. Calculate the highest common divisor of 60 and i.
15
Let g be -58*(-2 - 3/(-2)). Calculate the highest common factor of 29 and g.
29
Let u be 11/3 - 6/9. Suppose -u*n = -n - 20. What is the highest common divisor of 30 and n?
10
Let q = 18 + -16. Calculate the highest common divisor of 10 and q.
2
Suppose 2*u - 120 = -0*u. What is the highest common divisor of 30 and u?
30
Suppose 3*c - 27 = 2*d + 2*c, 5*c = -2*d - 33. Let x = d + 24. What is the greatest common factor of x and 5?
5
Let y = 29 + -12. What is the highest common divisor of y and 85?
17
Suppose -15*w + 162 = -12*w. Calculate the greatest common factor of 27 and w.
27
Let b(m) = 10*m**3 + 2*m**2 - 3*m + 1. Let h be b(1). What is the highest common factor of 10 and h?
10
Suppose -b - 5*n = -34, -b + 0*n + 30 = 3*n. Let s(l) = 2*l**2 - 8*l - 2. Let j be s(6). Let f = j + -10. Calculate the highest common divisor of b and f.
12
Let g be -10 + -1 - 1*-2. Let h = 9 + g. Suppose h = -4*a - 0*a + 4, 3*a = -4*n + 47. Calculate the greatest common divisor of n and 44.
11
Suppose -41 = -j + 69. Suppose -s + 6*s - 110 = 0. What is the gr